f 321748648?
2, 13, 41, 61, 1237
What are the prime factors of 76092527?
7, 17, 639433
What are the prime factors of 513798939?
3, 17, 197539
What are the prime factors of 1545576435?
3, 5, 13, 47, 67, 839
What are the prime factors of 2313274?
2, 1156637
List the prime factors of 245152235.
5, 47, 1043201
What are the prime factors of 42743520?
2, 3, 5, 29683
What are the prime factors of 19835265?
3, 5, 857, 1543
List the prime factors of 1253469634.
2, 19, 67, 233, 2113
List the prime factors of 2432986078.
2, 1216493039
What are the prime factors of 270616533?
3, 11, 677, 12113
List the prime factors of 930007940.
2, 5, 2437, 19081
What are the prime factors of 113357024?
2, 11, 322037
List the prime factors of 258814177.
103, 2512759
What are the prime factors of 5712565030?
2, 5, 571256503
List the prime factors of 411120035.
5, 8689, 9463
What are the prime factors of 701213408?
2, 7, 3130417
What are the prime factors of 142588599?
3, 47529533
List the prime factors of 1860196925.
5, 74407877
What are the prime factors of 10826838?
2, 3, 11, 1657
What are the prime factors of 1716592225?
5, 68663689
List the prime factors of 429642548.
2, 107410637
What are the prime factors of 2059244455?
5, 411848891
What are the prime factors of 55756139?
4603, 12113
What are the prime factors of 2789019031?
17, 23, 59, 120899
What are the prime factors of 93542814?
2, 3, 19, 273517
What are the prime factors of 8599660?
2, 5, 29, 14827
What are the prime factors of 1490215657?
7, 19, 967, 11587
What are the prime factors of 1600952649?
3, 533650883
What are the prime factors of 1921891099?
1921891099
List the prime factors of 1226252151.
3, 31, 1259, 3491
List the prime factors of 81237349.
4751, 17099
What are the prime factors of 1460792636?
2, 365198159
List the prime factors of 153459096.
2, 3, 7, 913447
List the prime factors of 128772622.
2, 11, 607, 9643
What are the prime factors of 163105457?
1117, 146021
What are the prime factors of 624996367?
1741, 358987
List the prime factors of 40030843.
1069, 37447
List the prime factors of 40971241.
17, 141769
List the prime factors of 1004939771.
11, 1847, 49463
List the prime factors of 1779978854.
2, 1637, 543671
List the prime factors of 68049189.
3, 13, 581617
List the prime factors of 2188333806.
2, 3, 17, 21454253
What are the prime factors of 34448789?
2503, 13763
What are the prime factors of 1501941052?
2, 59, 2351, 2707
List the prime factors of 763758011.
409, 1103, 1693
What are the prime factors of 182121712?
2, 2267, 5021
List the prime factors of 152242477.
152242477
List the prime factors of 1693551.
3, 47, 12011
List the prime factors of 1399203235.
5, 279840647
What are the prime factors of 6400173773?
7, 421, 2171759
List the prime factors of 7807441427.
109, 71627903
What are the prime factors of 396699708?
2, 3, 19, 1739911
What are the prime factors of 63980402?
2, 233, 251, 547
List the prime factors of 544826788.
2, 11, 113, 109579
List the prime factors of 1335085732.
2, 333771433
List the prime factors of 128933715.
3, 5, 19, 37, 12227
List the prime factors of 24297118.
2, 31, 391889
List the prime factors of 139099018.
2, 73, 101, 9433
List the prime factors of 441271179.
3, 67, 243931
List the prime factors of 2706657447.
3, 13, 1361, 50993
What are the prime factors of 333662973?
3, 7, 15888713
List the prime factors of 24317842.
2, 12158921
What are the prime factors of 999812489?
13, 2591, 29683
List the prime factors of 5019155398.
2, 29153, 86083
List the prime factors of 59985534.
2, 3, 7, 109, 13103
What are the prime factors of 56743407?
3, 7, 900689
What are the prime factors of 2272707178?
2, 7, 107, 1517161
List the prime factors of 1528941221.
401, 1373, 2777
What are the prime factors of 35662986?
2, 3, 1981277
List the prime factors of 30044803.
167, 179909
List the prime factors of 44221827.
3, 13, 1133893
What are the prime factors of 8073411997?
7, 401, 2876171
What are the prime factors of 577890723?
3, 192630241
What are the prime factors of 342829558?
2, 31, 5529509
What are the prime factors of 25321761?
3, 31, 30253
List the prime factors of 922277679.
3, 79, 3891467
List the prime factors of 115397889.
3, 73, 526931
List the prime factors of 1326527524.
2, 7, 103, 459961
What are the prime factors of 343174150?
2, 5, 11, 131, 433
What are the prime factors of 22499211?
3, 7, 17, 19, 31, 107
What are the prime factors of 634273877?
29, 157, 139309
List the prime factors of 65173410.
2, 3, 5, 17, 4733
List the prime factors of 2155318913.
11, 67, 24169
What are the prime factors of 5779837?
7, 113, 7307
What are the prime factors of 402470143?
402470143
What are the prime factors of 35132062?
2, 7, 2509433
What are the prime factors of 7744512?
2, 3, 2521
What are the prime factors of 9353189095?
5, 1870637819
List the prime factors of 25396482.
2, 3, 4232747
What are the prime factors of 1746206399?
7, 249458057
What are the prime factors of 85085685?
3, 5, 1890793
What are the prime factors of 304043204?
2, 76010801
What are the prime factors of 649793583?
3, 8022143
List the prime factors of 433809815.
5, 31, 137, 659
What are the prime factors of 339213531?
3, 113071177
What are the prime factors of 3778374344?
2, 10141, 46573
What are the prime factors of 3514062623?
3514062623
List the prime factors of 95302835.
5, 31, 43, 79, 181
What are the prime factors of 231835839?
3, 59, 1309807
What are the prime factors of 225488937?
3, 75162979
List the prime factors of 861665188.
2, 179, 1203443
List the prime factors of 272250045.
3, 5, 41, 101, 487
List the prime factors of 277585654.
2, 138792827
What are the prime factors of 1703249678?
2, 13, 31, 113, 18701
List the prime factors of 61422587.
61422587
List the prime factors of 1333407369.
3, 7, 37, 46381
What are the prime factors of 49136322?
2, 3, 8189387
What are the prime factors of 272493850?
2, 5, 17, 113, 2837
What are the prime factors of 849212773?
7193, 118061
List the prime factors of 412827990.
2, 3, 5, 13760933
What are the prime factors of 191779925?
5, 271, 28307
What are the prime factors of 92144478?
2, 3, 3253, 4721
What are the prime factors of 309265811?
309265811
What are the prime factors of 71700923?
7, 31, 41, 8059
List the prime factors of 1403860828.
2, 19, 41, 450533
List the prime factors of 924445211.
97, 9530363
What are the prime factors of 90264122?
2, 13, 3471697
What are the prime factors of 202416681?
3, 67472227
What are the prime factors of 1364263363?
457, 2985259
List the prime factors of 229657074.
2, 3, 38276179
List the prime factors of 286062120.
2, 3, 5, 149, 5333
What are the prime factors of 73023235?
5, 14604647
List the prime factors of 122722256.
2, 7670141
What are the prime factors of 48815412?
2, 3, 4067951
What are the prime factors of 166360745?
5, 33272149
List the prime factors of 1674003975.
3, 5, 7, 29, 43, 2557
What are the prime factors of 37613956?
2, 139, 67651
List the prime factors of 342832480.
2, 5, 23, 59, 1579
What are the prime factors of 711667628?
2, 7, 3929, 6469
What are the prime factors of 111970227?
3, 37323409
What are the prime factors of 1415813914?
2, 59, 571, 21013
What are the prime factors of 345779459?
101, 3423559
What are the prime factors of 19838305?
5, 23, 172507
List the prime factors of 1862093718.
2, 3, 34483217
List the prime factors of 835397780.
2, 5, 7, 29, 205763
What are the prime factors of 36964809?
3, 7, 195581
List the prime factors of 32246792.
2, 4030849
List the prime factors of 286291590.
2, 3, 5, 13, 103, 7127
List the prime factors of 287290879.
10867, 26437
What are the prime factors of 314838471?
3, 29, 3618833
What are the prime factors of 57238855?
5, 11447771
What are the prime factors of 92203081?
5351, 17231
List the prime factors of 194421569.
37, 5254637
List the prime factors of 128389187.
128389187
List the prime factors of 296156052.
2, 3, 71, 109, 1063
What are the prime factors of 51975645?
3, 5, 701, 4943
List the prime factors of 85151396.
2, 11, 59, 32801
List the prime factors of 4338021422.
2, 7, 309858673
What are the prime factors of 370467474?
2, 3, 13, 383, 12401
What are the prime factors of 1107402003?
3, 41014889
What are the prime factors of 14572912?
2, 9